h(l) = 3*l - 8. Calculate h(-5).
-23
Let x(f) = f**3 - 3*f**2 - 9*f - 8. Give x(5).
-3
Let f(q) = q**3 + 4*q + 2. Determine f(-2).
-14
Let u(q) = -q - 16. What is u(-12)?
-4
Let u(j) = -5*j + 1. Calculate u(-4).
21
Let a(q) = -q**3 - 8*q**2 - 11*q + 6. Calculate a(-6).
0
Let f(m) = -m**3 - 16*m**2 + 2*m + 26. Determine f(-16).
-6
Let h(g) = -g**2 - 19*g - 21. What is h(-14)?
49
Let i(d) = -d**3 - 8*d**2 + 10*d + 3. Calculate i(-9).
-6
Let z(m) = m**3 + 7*m**2 + 8. What is z(-6)?
44
Let w(d) = -d**3 + 27*d**2 - 91*d - 31. Calculate w(23).
-8
Let u(t) = 3*t**3 + t**2 + 3*t - 3. Calculate u(1).
4
Let a(i) = -i + 18. Give a(-9).
27
Let j(m) = -12*m + 51. What is j(-6)?
123
Let d(x) = -x**2 + 4*x - 6. Give d(5).
-11
Let r(x) = x**2 + 22*x - 51. Determine r(-24).
-3
Let g(c) = -13*c + 2. Determine g(0).
2
Let p(d) = -d**2 + 15*d + 15. Give p(15).
15
Let b(m) = -m**2 + 20. What is b(5)?
-5
Let x(b) = -3*b**3 - b**2 + 4*b. Give x(2).
-20
Let z(b) = -b**3 - 13*b**2 - 28*b - 17. Calculate z(-10).
-37
Let f(p) = p**2 - 5*p - 7. Determine f(6).
-1
Let c(k) = k**2 + 12*k - 24. Give c(-13).
-11
Let v(z) = -2*z**2 - 14*z - 19. Calculate v(-8).
-35
Let k(h) = -h**2 + 11*h - 21. Give k(8).
3
Let t(u) = -8*u + 68. What is t(8)?
4
Let s(j) = j**3 - j**2 - 2. Determine s(4).
46
Let i(o) = 42*o + 269. Give i(-6).
17
Let v(a) = a**3 + a**2 - a - 56. Give v(0).
-56
Let h(y) = 3*y**2 - 27*y + 67. Give h(4).
7
Let n(m) = -14*m + 67. Give n(-5).
137
Let i(n) = -2*n**2 - 9*n - 8. What is i(-8)?
-64
Let o(q) = q**2 + 2*q - 1. What is o(-5)?
14
Let q(k) = -k**3 - 11*k**2 + 11*k - 20. Give q(-12).
-8
Let m(f) = -f**3 - 2*f**2 + 9*f + 3. Give m(-5).
33
Let h(w) = -w + 37. Calculate h(13).
24
Let f(x) = -x**3 + 2*x**2 + 11*x - 14. Calculate f(4).
-2
Let o(b) = -3*b**2 - 2*b + 1. Give o(1).
-4
Let b(j) = j**2 - 10*j + 12. What is b(12)?
36
Let w(c) = 4*c**2 - 27*c - 26. Determine w(7).
-19
Let s(v) = -10*v - 16. Give s(6).
-76
Let x(p) = -2*p**3 - 13*p**2 + 10*p + 13. Determine x(-7).
-8
Let g(y) = 65*y + 198. Give g(-3).
3
Let b(j) = -j**2 + 8*j + 39. Give b(12).
-9
Let k(q) = -q**3 - 9*q**2 - 13*q - 28. Determine k(-8).
12
Let b(i) = i**2 - 6*i + 2. Give b(4).
-6
Let t(u) = -u**3 + 3*u**2 + 4*u + 2. What is t(-2)?
14
Let g(k) = k - 3. Give g(-9).
-12
Let q(w) = w**2 - w - 1. Calculate q(0).
-1
Let t(l) = l**3 + 9*l**2 - l - 8. Calculate t(-9).
1
Let a(u) = u**3 - 6*u**2 - 7*u - 7. What is a(7)?
-7
Let o(j) = j**3 - 3*j**2 - j. Give o(4).
12
Let f(l) = l**2 + 3*l + 2. Calculate f(-2).
0
Let v(r) = r**3 + 15*r**2 - 54*r - 6. Calculate v(-18).
-6
Let b(t) = -3*t**3 + 4*t**2 - 50*t - 53. What is b(-1)?
4
Let p(u) = 2*u**2 + 12*u - 27. Calculate p(-8).
5
Let r(j) = -j**2 - 7*j. Give r(-3).
12
Let i(s) = -s**2 + 10*s + 14. Calculate i(12).
-10
Let g(a) = -42*a**2 - 2*a + 1. Give g(1).
-43
Let b(w) = w**2 - 26. What is b(0)?
-26
Let j(x) = 2*x - 9. Calculate j(7).
5
Let t(l) = -4*l**2 + 4*l - 4. Calculate t(1).
-4
Let g(j) = j**2 + 14*j + 31. Calculate g(-9).
-14
Let s(r) = 2*r - 3. Give s(-4).
-11
Let y(q) = -2*q**2 - 13*q - 8. Calculate y(-8).
-32
Let n(o) = -36*o - 432. Calculate n(-12).
0
Let v(b) = 3*b**2 + 5*b - 15. Calculate v(-6).
63
Let n(m) = -m - 7. What is n(9)?
-16
Let h(b) = b**3 - 5*b**2 - 9*b + 9. Give h(5).
-36
Let u(i) = -i - 44. Calculate u(0).
-44
Let f(i) = -i**2 + 17*i - 67. What is f(10)?
3
Let v(y) = -y**3 + 3*y**2 + 2*y. What is v(4)?
-8
Let o(g) = -g**3 - 58*g**2 - 217*g - 68. Calculate o(-54).
-14
Let l(d) = 5*d - 1. What is l(-1)?
-6
Let w(x) = x**2 + 9*x - 8. Determine w(-9).
-8
Let i(b) = b**2 + 7*b - 11. Calculate i(-8).
-3
Let j(q) = q**3 - 10*q**2 + 24*q - 14. Determine j(6).
-14
Let p(r) = r**3 - 7*r**2 + 7*r - 4. Calculate p(1).
-3
Let r(v) = -v**3 - 12*v**2 + 11*v - 32. Calculate r(-13).
-6
Let h(w) = w**2 - 13*w + 7. Give h(13).
7
Let o(l) = -l**3 - 8*l**2 - l + 43. What is o(-7)?
1
Let k(r) = 4*r - 34. What is k(10)?
6
Let h(v) = -v**3 + 9*v**2 - 7*v - 14. Calculate h(8).
-6
Let k(j) = j - 1. Determine k(4).
3
Let f(t) = t**3 - 13*t**2 + 22. What is f(13)?
22
Let c(f) = -f**2 - 5*f + 8. Give c(-7).
-6
Let d(r) = -r**2 - 3*r + 2. Determine d(-5).
-8
Let n(h) = -h**2 - 21*h + 11. What is n(-22)?
-11
Let g(o) = o - 8. Calculate g(4).
-4
Let g(z) = 2*z**3 + 10*z**2 + 5*z + 4. Calculate g(-4).
16
Let a(f) = 2*f + 28. Calculate a(-12).
4
Let g(m) = -8*m - 11. Calculate g(-3).
13
Let q(l) = 13*l**2 - 3*l + 4. Determine q(1).
14
Let x(h) = h**3 - 6*h**2 + 6*h - 38. Give x(6).
-2
Let d(k) = -k - 24. What is d(5)?
-29
Let h(j) = j**3 - 11*j**2 + 10*j - 5. Calculate h(10).
-5
Let c(y) = -y**3 + 8*y**2 - 7*y - 4. What is c(7)?
-4
Let v(i) = -10*i**3 + i**2 + 9*i + 7. Determine v(-1).
9
Let n(j) = -5*j**3 + 10*j**2 + 11*j. Give n(3).
-12
Let c(g) = g**3 - 14*g**2 + 24*g + 3. Give c(12).
3
Let t(i) = -4*i**2 + 55*i + 26. What is t(14)?
12
Let o(w) = -6*w - 12. Give o(7).
-54
Let w(f) = -f**3 + 4*f**2 + f - 13. Give w(4).
-9
Let u(y) = y**2 - 18*y + 69. Calculate u(12).
-3
Let r(u) = -2*u + 10. Calculate r(-5).
20
Let d(p) = -19*p**2 + 39*p + 4. Calculate d(2).
6
Let h(v) = -v**2 + 2*v - 4. Determine h(-5).
-39
Let m(f) = 7*f**2 + 3*f - 2. Give m(-2).
20
Let u(h) = h**3 + 13*h**2 + 10*h - 34. Give u(-12).
-10
Let g(o) = -o**3 - 12*o**2 + 13*o - 12. Give g(-13).
-12
Let q(k) = -16*k + 19. What is q(2)?
-13
Let i(s) = -s**2 - 5*s + 25. Determine i(-8).
1
Let m(w) = 3*w**3 - 97*w**2 + 30*w + 41. Give m(32).
-23
Let u(z) = -z**3 + 7*z**2 - 10*z + 1. What is u(3)?
7
Let m(y) = 3*y + 12. Give m(-3).
3
Let k(i) = i**3 + 3*i**2 - 8*i + 2. Determine k(-6).
-58
Let b(x) = 15*x**2 - 153*x + 21. What is b(10)?
-9
Let h(g) = 21*g + 1. Calculate h(-1).
-20
Let l(u) = -27*u + 97. Determine l(4).
-11
Let z(y) = 27*y - 435. Give z(16).
-3
Let g(t) = -2*t - 6. Give g(-4).
2
Let a(r) = -r**3 - 7*r**2 - 9*r - 6. Calculate a(-5).
-11
Let a(t) = -9*t - 79. Give a(-9).
2
Let q(k) = -2*k**3 - 5*k**2 - k + 6. Determine q(-3).
18
Let p(d) = -5*d - 113. Determine p(-20).
-13
Let q(g) = -3*g**2 + 25*g + 4. Give q(8).
12
Let u(j) = -49*j**2 + 2*j. Determine u(1).
-47
Let w(n) = -n + 16. Determine w(9).
7
Let x(v) = v**2 - 8*v - 9. Determine x(9).
0
Let z(w) = w + 32. Determine z(-27).
5
Let z(l) = l**2 - 12*l + 24. Determine z(9).
-3
Let x(q) = 2*q - 33. Calculate x(15).
-3
Let f(l) = l**3 + 2*l**2 + 3. Determine f(-3).
-6
Let k(c) = c**3 + 7*c**2 + 2*c + 3. Give k(-4).
43
Let r(a) = -4*a**2 - 75*a - 43. What is r(-18)?
11
Let k(o) = 2*o**2 + 31*o + 110. Calculate k(-6).
-4
Let k(h) = h**2 - 23*h - 18. Determine k(24).
6
Let l(s) = s**3 + 3*s**2 + s - 4. Give l(-2).
-2
Let w(a) = a**2 + 101*a + 579. Determine w(-6).
9
Let q(j) = -9*j - 2. Give q(2).
-20
Let r(l) = l**2 + 13*l - 30. Calculate r(-15).
0
Let x(c) = -c**3 + 10*c**2 - 13*c - 11. What is x(8)?
13
Let c(j) = -34*j + 72. Determine c(2).
4
Let y(f) = -2*f - 2. What is y(2)?
-6
Let f(b) = -b**3 + 30. Determine f(0).
30
Let s(f) = f**3 - 14*f**2 - 4*f - 2. Calculate s(15).
163
Let c(x) = -10*x**2 - 11*x - 16. What is c(-2)?
-34
Let d(s) = -34*s**3 - 2*s**2 + s. Determine d(1).
-35
Let y(q) = q**3 - 6*q**2 - 29*q + 23. Calculate y(8).
-81
Let x(h) = -h**3 - 13*h**2 - 13*h - 33. Calculate x(-12).
-21
Let u(m) = -13*m + 37. Calculate u(4).
-15
Let l(a) = -a**3 + a**2 + 4*a - 2. What is l(3)?
-8
Let f(x) = x**3 - 13*x**2 + 13*x + 5. Give f(12).
17
Let f(c) = -5*c - 5. What is f(-4)?
15
Let o(a) = -2*a**3 - 6*a**2 + 6*a + 5. Determine o(-5).
75
Let b(f) = -14*f**3 - 4*f**2 + 4*f + 2. Calculate b(2).
-118
Let m(o) = 6*o + 104. What is m(-19)?
-10
Let c(u) = 2*u - 3. Give c(5).
7
Let w(r) = r**3 - 18*r**2 - 18*r - 23. Give w(19).
-4
Let h(t) = -2*t**3 - 37*t**2 - 20*t - 42. Give h(-18).
-6
Let u(j) = j**3 + 3*j**2 - 2*j - 15. What is u(-4)?
-23
Let u(s) = 4*s**2 + 39*s - 8. Give u(-11).
47
Let p(g) = g**3 + 2*g**2 - 4*g + 2. What is p(2)?
10
Let l(i) = -i**2 - 8*i + 1011. Determine l(-36).
3
Let w(p) = -3*p**2 - 25*p + 47. Calculate w(2).
-15
Let u(q) = -3*q**2 - 3*q - 11. Determine u(-3).
-29
Let b(w) = w - 3. What is b(-4)?
-7
Let j(z) = z**2 - 5*z + 3. Determine j(2).
-3
Let x(i) = -i + 17. Determine x(6).
11
Let z(w) = w**2 - 9*w - 5. Determine z(9).
-5
Let n(k) = k**3 - 6*k**2 + k + 6. Give n(6).
12
Let n(u) = u**2 - 5*u - 7. W